17*n - 4. What is the remainder when w(-6) is divided by 10?
6
Let f(a) = -a**3 + 19*a**2 + 24*a + 40. Let i be f(20). Calculate the remainder when (2/5)/(1/i) is divided by 25.
23
Suppose -4*y - 15 = -5*y. Let z(j) = -7*j - 21. Let i be z(-6). Suppose 8*q = i*q - 78. What is the remainder when y is divided by q?
3
Let m = -445 + 457. What is the remainder when 104 is divided by m?
8
Suppose -2*f + 45 = s, f - 4*s - 11 = -2. Let a(k) = k**2 + 4*k. Let u = 9 - 3. What is the remainder when a(u) is divided by f?
18
Suppose 11*y - 2091 = -6*y. What is the remainder when y is divided by 31?
30
Let a = -554 - -587. What is the remainder when a is divided by 23?
10
What is the remainder when 17 is divided by (45/(-75))/(18/10 - 2)?
2
Suppose -224*l = -217*l - 224. Calculate the remainder when l is divided by 10.
2
Let a = 311 + -281. Calculate the remainder when 389 is divided by a.
29
Suppose 66 = -44*l + 47*l. Suppose 5*u - 330 = -5*g, g - 96 - 230 = -5*u. Calculate the remainder when u is divided by l.
21
Calculate the remainder when (-700)/(-21) + 8/12 + 5 is divided by 15.
9
Suppose -5*i = -2*h + 9, -i - 5*h = -1 - 8. Let m(n) = 131*n**2 + 4*n + 3. Calculate the remainder when m(i) is divided by 33.
31
Let k = 315 - 267. Calculate the remainder when 161 is divided by k.
17
Suppose -m - 6 + 13 = -v, m - 5*v = 11. What is the remainder when 62 is divided by m?
2
Let s be ((-3)/9)/((-1)/(-3 + 9)). Suppose 0*t + 28 = 4*t. Calculate the remainder when 3*(-4)/(-6) + 50/s is divided by t.
6
Let y = 91 + 187. Calculate the remainder when y is divided by 19.
12
Let f = 511 + -472. What is the remainder when 151 is divided by f?
34
Suppose -a + 35 = -5*k, a + 4*a + 5*k - 25 = 0. Let y be a/4*(-64)/(-40). Suppose -y*f = f - 30. Calculate the remainder when 21 is divided by f.
3
Suppose -3*n + 138 = 3*n. What is the remainder when 1566/14 + (-2)/(-14) is divided by n?
20
Suppose -41*w = -38*w + 3*p - 339, 2*w - 222 = -3*p. Calculate the remainder when w is divided by 20.
17
Suppose 11*d - 99 + 22 = 0. Let l = -5 + 7. What is the remainder when d is divided by (-1)/(2/(-4)) + l?
3
Suppose 3*v + 11 = -34. Let q = v - -112. Calculate the remainder when q is divided by 25.
22
Calculate the remainder when 629 is divided by (80/(-6))/4*270/(-10).
89
Let j = 54 - 33. Let o(b) be the first derivative of -b**2/2 + 25*b + 6. Calculate the remainder when j is divided by o(13).
9
Suppose 2*d - 22 = -2. Let p(z) = -z**3 + 21*z**2 + 47*z - 4. Calculate the remainder when p(23) is divided by d.
9
Let u be 252/8 - (-3)/2. Suppose 4*s - u = 147. Suppose 2*f - 44 = -4*d, -3*f - 5*d + 62 - 1 = 0. What is the remainder when s is divided by f?
9
Let t = -69 - -140. Calculate the remainder when t is divided by 39.
32
Suppose -5*k - 5*h = -205, -3*h + 46 = 2*k - 34. Let j = -48 + 88. What is the remainder when k is divided by 608/j - 2/10?
13
Let m = 10 - 9. Let s(w) = 3*w. Let u be s(m). Let h(j) = j**3 - 2*j**2 + 3*j + 4. What is the remainder when 43 is divided by h(u)?
21
Let z = 4 - 5. Suppose -4*i + 2*k = -70, 5*i - 2*k - 3*k - 85 = 0. Calculate the remainder when (-2 - 69/1)*z is divided by i.
17
Let y = -166 - -200. What is the remainder when y is divided by 13?
8
Suppose 5 = -i - 4*p, 4*i - p + 11 = 42. Let y(t) = -t**3 - 2*t**2 + 2*t - 5. Let z = 1 - 5. What is the remainder when y(z) is divided by i?
5
Suppose 7 = 7*g - 105. Suppose -x + 2*p = -97, -x + 90 = 8*p - 3*p. Calculate the remainder when x is divided by g.
15
Calculate the remainder when (-5)/(0 + 20/(-888)) is divided by 57.
51
Suppose -3*t - 5*a + 1366 = -3*a, -t + 454 = a. Let j = t + -245. Calculate the remainder when j is divided by 43.
41
What is the remainder when 37 + (-17 - -29)*(-1)/3 is divided by 7?
5
Let g = 13 - 6. Suppose 2*q = g + 7. Calculate the remainder when 27 is divided by q.
6
Let l = 199 - -130. Suppose -6*a = -l + 47. What is the remainder when a is divided by 6?
5
Let l be -5*18/(-15)*4. Suppose 296 - l = 4*p. Suppose -5*t = 2*m + 2*m - 135, 0 = 4*t + 4*m - 112. What is the remainder when p is divided by t?
22
Let h(q) = q**3 + q**2 + q + 2. Let r be h(0). Let b = r - -9. Suppose -7*j = -3*j - 72. Calculate the remainder when j is divided by b.
7
Suppose -409*v = -420*v + 363. Calculate the remainder when 163 is divided by v.
31
Let q(i) = -i**2 - 65*i + 2625. Let o = -78 + 180. Calculate the remainder when o is divided by q(-93).
18
Suppose 9*d = 369 + 3186. What is the remainder when d is divided by 50?
45
Let a(b) = -21*b + 317. Calculate the remainder when a(14) is divided by 3/(6/28) - 1.
10
Calculate the remainder when 648 is divided by (-5)/6 - (-7067)/222.
28
Let w = -455 - -511. What is the remainder when 98 is divided by w?
42
Suppose -12 = -g + 5*p, 4*p = -g + 2*p + 19. Suppose -34*h = -33*h - g. Calculate the remainder when 82 is divided by h.
14
Let i = 1331 - 1228. Suppose y = -2*w - y + 50, 0 = w + 2*y - 29. What is the remainder when i is divided by w?
19
Let r = 485 - 462. Suppose -5*g + 9*g = 268. What is the remainder when g is divided by r?
21
Let n(r) = -3*r**2 + 9*r + 7. Let s(d) = 10*d**2 - 28*d - 20. Let g(t) = 7*n(t) + 2*s(t). Calculate the remainder when g(4) is divided by 3.
0
Let r be 10/4*7/((-35)/6). Calculate the remainder when 61 is divided by (-24)/16*32/r.
13
Let y = 1037 + -550. What is the remainder when y is divided by 122?
121
Suppose s + 0*d + 25 = -4*d, 3*s - d + 140 = 0. Let t be (600/s)/(4/(-18)). Let n = t - 24. What is the remainder when n is divided by 13?
10
Let v = 1594 - -2775. Calculate the remainder when (-1)/2 + v/34 is divided by 22.
18
Suppose -18*h + 4 = -86. Calculate the remainder when 38 is divided by h.
3
Suppose 0*x - 2*z - 68 = 2*x, -3*x = 2*z + 99. What is the remainder when 25 is divided by 3/6 - x/2?
9
Let n = -3 + 7. Suppose -4*f = 6*f - 40. Suppose 2*d + f*t = 10, -d + 3*t = n*d - 64. Calculate the remainder when 20 is divided by d.
9
Let b(n) = 63*n**2 - n. Let m be b(-1). Let q = -43 + m. Calculate the remainder when 165 is divided by q.
18
Suppose -3*a + 35 = -10. Let r(l) = 2*l**2 + 9*l - 9. Let u be r(5). Suppose 2*i = -0*i + u. What is the remainder when i is divided by a?
13
Suppose 7*h = 4*h + 75. Let g = 122 - 25. What is the remainder when g is divided by h?
22
Suppose 7*d = 867 - 237. What is the remainder when d is divided by 19?
14
Suppose 7*o + 42 = 1267. What is the remainder when 66 is divided by (-14)/o*-5 - (-88)/5?
12
Suppose 45*g + 46 = 47*g. Suppose 18*a - g*a + 180 = 0. What is the remainder when a is divided by 14?
8
Let m(c) = -c**3 + 6*c**2 - 5*c + 7. Calculate the remainder when 8/(-36) + 476/36 is divided by m(5).
6
Calculate the remainder when 127 is divided by 15/(-10)*114/(-9).
13
Suppose 7*m - 1995 = -1771. What is the remainder when 212 is divided by m?
20
Let g = 41 - -28. Calculate the remainder when g is divided by 10.
9
Suppose -7*m = -12*m + 30. What is the remainder when 22 is divided by m?
4
Let y be 0 + 2 + (0 - -1). Suppose -4*r + y*v - 6*v = -135, 2*r - 3*v = 63. Calculate the remainder when 131 is divided by r.
32
Suppose -6*q + 3*q = -21. Calculate the remainder when 87 is divided by 1/q + (-459)/(-21).
21
Let h(r) = -r**3 + 3*r**2 + 3. Let s(p) = -p**3 + 2*p**2 + p + 2. Let g(q) = -3*h(q) + 4*s(q). What is the remainder when g(-5) is divided by 21?
16
Let k(z) = -z**3 - 10*z**2 - 24*z + 5. Let t be k(-6). Suppose -t*q + 396 = q. Calculate the remainder when q is divided by 17.
15
Suppose 7*o = -4*g + 5*o + 754, o = -1. Calculate the remainder when g is divided by 32.
29
Suppose -97 - 57 = -3*z - f, 2*f = -4. What is the remainder when z is divided by 28?
24
Suppose 7*c - 506 = -86. Calculate the remainder when c is divided by 31.
29
Suppose 0 = -3*q + 89 - 17. Suppose -o = 2*t + 3*t - q, 4*t = -3*o + 28. Suppose -8*f = -20 + 4. What is the remainder when t is divided by f?
0
Let h(o) be the first derivative of -o**3/6 - o**2/2 + 4*o - 5. Let c(d) be the first derivative of h(d). Calculate the remainder when 24 is divided by c(-6).
4
Let p = 58 + -87. Let h = 66 + p. What is the remainder when h is divided by 19?
18
Let f = -46 + 100. Suppose -3*o + t = -2*t - f, 3*o + 2*t = 34. What is the remainder when 26 is divided by o?
12
Calculate the remainder when 87 is divided 